e -3 + 12 = 3*i. Suppose 0*g - i*g - 5*k = -21, 0 = -5*g + k + 7. Is g/(6/5)*21 prime?
False
Let k = -4 - -6. Suppose 5*l - 5*h - 28 - 72 = 0, 4*h = -k*l + 52. Is l a composite number?
True
Let s(h) = 16*h**2 - 5. Is s(-5) composite?
True
Let j(x) = x**2 - x + 4. Let k be j(-3). Let q = -18 - k. Let t = q + 71. Is t a composite number?
False
Is -26*(29/(-2) - -3) composite?
True
Let w = -87 - -280. Let u be (1 - 2)/1 - w. Let c = -135 - u. Is c a composite number?
False
Suppose 0*u + 112 = u + 3*p, 3*u - 5*p - 406 = 0. Is u prime?
True
Suppose -2435 = -6*c + c. Is c a prime number?
True
Suppose 0 = 2*q + 4*v - 1274, -2*v + 2533 = 4*q + v. Is q prime?
True
Let r = -2 - -10. Let l = r + -25. Let n = l - -32. Is n prime?
False
Is (-3498)/4*(-6)/9 a prime number?
False
Let c(q) = -q. Let r be c(-2). Suppose 310 - 12 = r*w. Is w a prime number?
True
Is (-9470)/(-40) + 2/8 prime?
False
Suppose -2*c = 0, 3*s + s = 3*c + 844. Is s composite?
False
Let m(n) = 521*n**2 - 3*n + 2. Let v be m(1). Suppose -3*t = -4*q + v, -q + 27 = t - 110. Is q composite?
True
Let j = 437 + -226. Is j composite?
False
Let c(q) = -329*q**3. Let l = 2 + -3. Is c(l) prime?
False
Let s(i) = -i - 5. Let k be s(-2). Let f(q) be the third derivative of -7*q**6/120 - q**5/60 - 5*q**4/24 - 2*q**3/3 + q**2. Is f(k) a composite number?
False
Let g = 242 - -11. Is g a prime number?
False
Suppose 0 = -g + 5*g - 4, -3*g - 66 = -h. Is h composite?
True
Let o(b) = -b**3 + 3*b**2 + 5*b - 1. Let i be o(4). Is (1 - 1) + i + 290 a prime number?
True
Let i be (-1)/(-6) + 70/12. Let l = -64 - i. Let t = -47 - l. Is t a prime number?
True
Suppose -2*u = -2 - 12. Is u/14 - (-26)/4 a prime number?
True
Suppose -3*b = 2*s - 162 - 76, 5*b - 234 = -2*s. Let d = s - 45. Is d a prime number?
False
Let f be (-12)/(-30) - (-397)/(-5). Let o = 120 - f. Is o a prime number?
True
Suppose 3*x = 7*x. Let s be (-6 - x)*124/(-6). Suppose -3*t + s = 5*v - 33, -3*t + 3*v = -141. Is t prime?
False
Let d(y) = -y**2 - 9*y - 12. Let c be d(-5). Suppose 295 = c*u - 3*u. Is u a composite number?
False
Let c = 19808 - 14145. Is c composite?
True
Let v(x) = -2*x - 6. Let g be v(-4). Let r = 2 + g. Suppose t - r*s - 4 = 21, t + 4*s = 49. Is t a prime number?
True
Let v be 0 - 3 - (-5 - 3). Suppose -75 = -v*j + 35. Is j a composite number?
True
Let d = -107 + 516. Is d composite?
False
Let p = -7 - -8. Let u = -4 + 7. Suppose -3*g = -12, 2*d - u*g - p = 1. Is d prime?
True
Suppose -191 = -3*a - 3*c + 3337, -4*c - 5862 = -5*a. Is a a composite number?
True
Suppose 3*y + b - 38 = -0*b, -3*y + b + 46 = 0. Let i(c) = -7 + 5*c - y*c - 6*c. Is i(-6) prime?
True
Let x(v) = 4*v + 5 + 5 - 3 - 3*v. Is x(8) a prime number?
False
Let m(b) = -23*b - 2. Suppose -5*q = 0, -8*q - 18 = 3*l - 3*q. Let g be m(l). Suppose -g = -5*y + 19. Is y composite?
False
Suppose 7*b - 4*b = 42. Let l = b - 3. Is l a composite number?
False
Suppose 2*a - 5*a = 0, 0 = 3*q + 2*a - 12. Let n = -1 + q. Is n a prime number?
True
Suppose 3*y = 4*m + 2979, -4*y - 5*m + 5000 = y. Is y a composite number?
False
Let o(i) = -80*i + 6. Let m be o(11). Let q = m - -1255. Is q a composite number?
True
Let a(m) be the first derivative of 2 + 1/4*m**4 + 5*m - 2*m**2 - 7/3*m**3. Is a(8) a composite number?
False
Suppose 4*u = 4*k - 1772, -2*u - 8 = -6*u. Is k composite?
True
Suppose -5*j + 37 = -4738. Suppose 3*b = -2*b + j. Is b composite?
False
Let x = -22 - -52. Is x/(-4)*(-4)/2 a composite number?
True
Suppose -650 = -2*f - 4*y, 4*y = 3*f - 955 - 40. Is f prime?
False
Let p = 6 - -3. Let t = p + -4. Suppose 188 = t*n - 447. Is n a composite number?
False
Let o(c) = c**3 + 4*c**2 + 2*c - 1. Suppose -3*k - k = 12. Let b be o(k). Suppose 2*m - 76 = -b*m. Is m a composite number?
False
Suppose 6 - 206 = -4*p. Suppose -5*w = -1 + 16, w = -f + p. Is f a prime number?
True
Suppose 2*h - j = j + 2, h + 2*j = -2. Suppose -5*a + 2*a - 2*l + 265 = h, -a - l + 90 = 0. Is a composite?
True
Suppose -19 - 33 = -4*v. Suppose 0 = -h - 0*h + v. Let t = -4 + h. Is t a prime number?
False
Suppose x - 570 = -5*n + 1211, 2*n + 1781 = x. Is x a prime number?
False
Let l(y) = -y**3 - 9*y**2 + 10*y + 2. Let o be l(-10). Suppose 3*p = w + o*p + 3, w - 7 = -p. Is (10 - -1)/(w - 1) a composite number?
False
Suppose 0 = -5*z + 2*z + 12. Is z a prime number?
False
Let i(x) = -5*x**3 - 7*x**2 + 4*x**3 - 8*x - 1 + 0*x**3. Is i(-6) a composite number?
False
Suppose -4*v - 5*n - 63 = 0, 2*v - 5*n + 7 = -2. Let p be (-423)/(-12) + (-2)/8. Let w = v + p. Is w a composite number?
False
Let p = 53 + -26. Let w = p + -17. Let v = -3 + w. Is v a prime number?
True
Let c(k) = 72*k + 12. Let n be c(5). Let s = 541 - n. Is s prime?
False
Suppose 3*u + 3*k = 60, 18 = u - k - 0. Is u a prime number?
True
Suppose u = -2*u + 4*v - 15, -u = 3*v - 8. Is (-4 - -93)*(-1)/u a composite number?
False
Let y be ((-89)/2)/((-2)/4). Let d = 168 - y. Let k = 116 - d. Is k prime?
True
Suppose 0 = 4*a - 5*x - 15, 3 = -7*a + 2*a - x. Is (a + 2)/(-2)*-31 prime?
True
Let j(k) = 4*k + 5. Let d be j(-7). Let s = 5 - d. Suppose -3*p - 3*z + 51 + 3 = 0, s = p + 3*z. Is p a composite number?
False
Suppose -137 + 5 = z. Let n = -53 - z. Suppose -n = 2*b - 3*b. Is b a composite number?
False
Suppose -22*i + 1270 = -20*i. Is i prime?
False
Suppose 5*i = -l + 13146, 4*i - 2*i - 4*l = 5276. Suppose 2*z + 4*r = 1159 + 159, 4*z + 5*r = i. Is z prime?
False
Suppose -2*x = 5*q - 509, -x = x - 3*q - 485. Is x a prime number?
False
Let z(l) = 5*l**2. Let g be z(2). Is (-2)/(-8) - (-975)/g composite?
True
Suppose 4*u + 35 = -5. Let w = u - -24. Is w prime?
False
Let m = -8 - -15. Suppose -i + 40 = m. Is i prime?
False
Let f be (-83)/(-9) + (-4)/18. Let o(p) = -p + 0*p**2 + 4 + p**2 + f. Is o(-9) composite?
False
Let q be -3 + 4 - 2 - 41. Let n = q - -415. Is n a prime number?
True
Suppose -r + 7 = -0*r. Let t be (-828)/(-42) - (-2)/r. Suppose -t = -2*k - j + 2, 5*j - 40 = -3*k. Is k a composite number?
True
Let p be 1/(-2) - 3/(-6). Suppose p*a = -5*a. Suppose 4*i - 5*k - 44 = a, i - 3*i - 5*k + 22 = 0. Is i prime?
True
Let w be ((-263)/(-3))/((-4)/12). Let t = -174 - w. Is t a composite number?
False
Let u = -184 + 297. Is u prime?
True
Let c(m) = 3*m + 12. Suppose 124 = -2*o - 2*o. Let d = o - -44. Is c(d) a composite number?
True
Suppose 0 = -3*i - 0*i - 2*n + 2033, 0 = i - 3*n - 685. Is i a composite number?
True
Let z(k) = k + 2. Let w be z(3). Suppose q - 20 = 5*v, -w*q - 4 = -3*q + v. Suppose 2*b + 5*y - 36 = q, -5*b + 6*b = 4*y + 31. Is b a composite number?
False
Let u = 10 - 8. Suppose -5*o - 4 - 19 = -2*l, -2*o = -u*l + 32. Is l a prime number?
True
Let w be 15*((-34)/(-6) - -2). Let h = -78 + w. Is h a prime number?
True
Suppose 4*q - 284 = -0*q. Is q a composite number?
False
Let r be (-1 - 1091) + (7 - 4). Is r/(-6)*2/3 prime?
False
Let n be 5*(0 + 4/(-10)). Let x(m) = -3*m. Let u be x(n). Suppose t + 285 = u*t. Is t a prime number?
False
Let m = -712 - -1265. Is m a prime number?
False
Is -1*1/((-2)/6826) prime?
True
Suppose x + 3846 = 5*i, -3*i - 4*x + 765 = -2*i. Is i prime?
True
Let o(r) = r + 20. Let v be o(-12). Is 88 + (v/(-4) - 1) a prime number?
False
Let q = -1 + 6. Suppose -2*p - a = 2*p - 252, q*p + 2*a - 315 = 0. Suppose 7*c = 4*c + p. Is c prime?
False
Let j(k) = -k**3 + 3*k**2 + 2*k - 1. Let u = -6 - -9. Let z be j(u). Suppose -116 = -4*o - 4*l, -z*l = o + 3*o - 114. Is o prime?
True
Let k = -3 - -8. Suppose -4*t - 21 = -k*t. Is t composite?
True
Let f be 2/(0 - (-4)/138). Let o = f - 10. Is o a composite number?
False
Suppose -z = -50 + 15. Suppose 5*t + 125 = 2*f + z, 5*t = -5*f + 295. Is f composite?
True
Is 19/(-4 - ((-77)/19 - 0)) prime?
False
Let h = 234 - 0. Suppose q - h = -3*g, -5*q - 190 = 5*g - 590. Is g composite?
True
Let x(l) = -64*l + 9. Is x(-8) prime?
True
Suppose 2*i - 4 = -5*s + i, 5*i = -5. Let b be (1 + -2)/(-1)*s. Is 274/5 + b/5 prime?
False
Suppose 3*a - 22 = -3*r + 2*a, -r - 10 = -4*a. Let j = r - -41. Is (j/2)/(3/6) a prime number?
True
Let c = -600 + 865. Is c a prime number?
False
Suppose 0 = 4*f - f + 6. Is f + (3 - (-82)/1) a composite number?
False
Suppose -4*d + 5*d = -4, -i + 2613 = -d. Is i a composite number?
False
Is -4 + 372 + 6/2 composite?
True
Suppose -172 = 4*o - 0*o. Let 